*p. Calculate the remainder when p is divided by 5.
4
Suppose -a = -2*b + 3*b - 8, a - 26 = 5*b. Suppose -q = 2*v - 40, -4*q - 12 = -4. What is the remainder when v is divided by a?
10
Let z(s) = s**3 + s**2 - 1. Let y(g) = -3*g**3 - 5*g**2. Let k(v) = y(v) + z(v). What is the remainder when k(-3) is divided by 9?
8
Let m be 0 - -1 - (2 + 0). Let h(c) = c - 2. Let i be h(8). Let r = m + i. What is the remainder when 8 is divided by r?
3
Let i = 6 - -11. Suppose -3*z + 4 = -i. Let a(k) = -3*k + 8. Calculate the remainder when a(-4) is divided by z.
6
Suppose -4*g = 2*g - 162. What is the remainder when g is divided by 7?
6
Suppose 3*c = 7*j - 12*j + 434, 686 = 5*c - j. Calculate the remainder when c is divided by 14.
12
Suppose 0 = 2*f + 3*f - 80. What is the remainder when 45 is divided by f?
13
Let r(u) = u**3 + 5*u**2 + 5*u + 3. Calculate the remainder when 29 is divided by r(-3).
5
Suppose 4*y + 21 = 5*x, x - 5*y = -0*x + 21. Let p(d) = 63*d**2 - 2*d + 1. Calculate the remainder when p(x) is divided by 21.
20
Let w be 0*1*(-3 - -2). Suppose 3*z - 6 = z, w = -5*m + 3*z + 81. Calculate the remainder when 69 is divided by m.
15
Let r(s) = 5 + 2*s**3 + 4*s**2 - s**2 - 6. Calculate the remainder when r(2) is divided by 10.
7
Let c(o) = -7*o - o + 7*o - 3. What is the remainder when c(-4) is divided by 1?
0
Let f = -276 + 409. Suppose -23 = 5*l - f. Let h = l - 15. What is the remainder when 13 is divided by h?
6
Let d(i) = i**3 + 5*i**2 + 4. Let x be d(-5). Let z be (-3)/6 - (-14)/x. Suppose o = -k + 4, 2*o - k = 2*k + z. Calculate the remainder when o is divided by 2.
1
Suppose 4*q = 4*n + 64, -3*q - 4*n + 0*n = -62. Calculate the remainder when q is divided by (-1 - -2)*14/2.
4
Let t be (-5)/(-2)*(7 + -5). Let x be 0 + 0 - -4 - -1. Suppose -m = 3*h - 5, -x*h = m - h - t. Calculate the remainder when m is divided by 3.
2
Let z(q) = -25*q + 1. Let x be z(-2). Let t = x + -29. Let l = t - 9. Calculate the remainder when 23 is divided by l.
10
What is the remainder when -24*(18/(-4) - -3) is divided by (-1)/(-3)*(1 + 38)?
10
Suppose 4*y - 50 = -2*c - 14, 2*c - 30 = -2*y. What is the remainder when 45 is divided by c?
9
Let a = -18 - -23. Suppose -2*z - 2*n + 36 = 0, -n - 4 = -z + 6. Calculate the remainder when z is divided by a.
4
Suppose -5*q = q - 162. What is the remainder when 79 is divided by q?
25
Let p(c) = c**3 + c**2 + 6*c + 2. Let y(f) = -f. Let i(l) = -p(l) - 4*y(l). What is the remainder when 17 is divided by i(-2)?
5
Suppose 4*y - 284 = v, 4*v + 15 = -1. Calculate the remainder when y is divided by 37.
33
Let u(i) = i**2 - 5*i + 3. Let s be u(5). Suppose -2*y + 23 = -s. What is the remainder when -2 + 4*(-39)/(-6) is divided by y?
11
Let s = -20 + 30. Let f = s + 28. Suppose 0 = 4*a + h - 51, -3*a = -h - 36 - 4. Calculate the remainder when f is divided by a.
12
Let f = 6 + -4. Suppose 4*w - 3*w - 16 = -4*l, 4*l + f*w - 20 = 0. Suppose -2*c = 0, -s + 3*s - l*c = 58. What is the remainder when s is divided by 10?
9
Calculate the remainder when 46 is divided by (1*-1)/((-7)/77) + 1.
10
Suppose 0 = w - 2*w + 23. Calculate the remainder when 159 is divided by w.
21
Suppose -2*s - s = n - 9, -n - 2*s + 7 = 0. What is the remainder when 14 is divided by n?
2
Let g = -7 - -18. Let d(k) = k**3 - 6*k**2 - 7*k + 3. Calculate the remainder when g is divided by d(7).
2
What is the remainder when (-3)/12 + (-225)/(-4) is divided by 15?
11
Let h be ((-2)/(-5))/(3/15). Suppose h*x - 3*p = 34, -2*p + p - 2 = 0. Calculate the remainder when 22 is divided by 1*(x + (2 - 4)).
10
Let g be (-3)/2*(-18 - 2). Suppose x + 2*x - g = 0. Calculate the remainder when 18 is divided by x.
8
Suppose 58*j + 148 = 60*j. Let f = 151 - 101. Suppose 0*d + 2*d - f = 0. Calculate the remainder when j is divided by d.
24
Calculate the remainder when 79 is divided by -9*(5/(-2) - (-3)/(-6)).
25
Let y(o) = o**3 + 5*o**2 + 2*o + 3. Let w be y(-4). Suppose b - w + 3 = 0. What is the remainder when (-3)/(-12) - 55/(-4) is divided by b?
6
Let d = 46 - 39. Calculate the remainder when 18 is divided by d.
4
Suppose h = -2 - 1. Let f(x) = -x + 1. Let u(c) = -2*c + 2. Let d(z) = h*f(z) + u(z). What is the remainder when 4 is divided by d(3)?
0
Let l(w) = -w**2 - w - 3. Let t be l(0). Suppose -4*c + 23 = x, -4*c + 3*c = x - 8. Let j = c - t. Calculate the remainder when 23 is divided by j.
7
Let k = 12 - 6. Let r(t) = t**2 - 6*t + 1. Calculate the remainder when r(k) is divided by 1.
0
Suppose 0 = 29*y - 26*y - 81. Calculate the remainder when y is divided by 17.
10
Let g = 387 - 219. Calculate the remainder when g is divided by 17.
15
Suppose -280 = -3*w - 5*r, 2*r + 2 = 3*r. Let u = w + -26. What is the remainder when u is divided by 22?
20
Let q(w) = w**3 + 6*w**2 + 6*w + 5. What is the remainder when 35 is divided by q(-4)?
9
Let x be ((-13)/3)/(2/(-6)). Suppose -x - 13 = -w. Suppose -33 = -5*q + 12. Calculate the remainder when w is divided by q.
8
Let h(d) = -6*d + 9. What is the remainder when h(-5) is divided by 20?
19
Suppose -3*q - 2 = -20. Calculate the remainder when 62 is divided by (1 + 2)*q - 2.
14
Suppose -2*r - 10 + 0 = 0. Let d = r - -6. What is the remainder when 2 is divided by d?
0
Suppose 2 = b, 2*b - 42 = -o - 2*b. Suppose 0 = -h + 2*h - 2*u - 17, 5*u + o = 2*h. Let q = 144 - 94. Calculate the remainder when q is divided by h.
16
What is the remainder when 3 - (-73 + 0 + 9/3) is divided by 20?
13
Let o = -3 + 24. What is the remainder when (-1470)/(-24) - ((-10)/(-8) - 1) is divided by o?
19
Suppose -9 - 3 = -4*m. Let b = -22 - -11. Let p = b - -19. What is the remainder when p is divided by m?
2
Let n = 27 - 8. What is the remainder when n is divided by 11?
8
Let n = 19 + -35. Let l = n - -23. What is the remainder when 18 is divided by l?
4
Suppose 0 = -5*v + 56 + 9. Let o = -4 + 2. Let d = o + 9. What is the remainder when v is divided by d?
6
Let m = -74 + 94. Calculate the remainder when 136 is divided by m.
16
Suppose -i - 3*u + 6 = -8, -2*u = 2. What is the remainder when 32 is divided by i?
15
Suppose -3*a + z - 1 = 0, -2*a - 2*z - 3*z + 22 = 0. What is the remainder when 12 is divided by 1/(a + (-18)/21)?
5
Suppose -55 = 4*z - 9*z. Suppose -4*f - 133 = -257. What is the remainder when f is divided by z?
9
Let x = 49 + -29. What is the remainder when 58 is divided by x?
18
Let b = 4 + -6. What is the remainder when 3/((-2)/(b + 0)) is divided by 2?
1
Let t(h) = 2*h - 5. Let c(p) = 1. Let o(m) = 4*c(m) + t(m). Let f be o(-1). Calculate the remainder when 22 is divided by 1 + 1 + (3 - f).
6
Suppose 15 = -3*k, -k + 55 = -y + 5*y. Calculate the remainder when 42 is divided by y.
12
Calculate the remainder when 1 is divided by 4/(-8) - 6/(-4).
0
What is the remainder when 1/(4 - (-801)/(-201)) is divided by 34?
33
Let o be (-3)/(-5) + 10/25. Let u = o + 1. Calculate the remainder when u is divided by 1.
0
Suppose 0 = 4*x + 5*u - 107, -3*x = -3*u + 2*u - 85. What is the remainder when 111 is divided by x?
27
Let i be 2/(1/(14/(-4))). Let m = 5 - i. Calculate the remainder when m is divided by 7.
5
Suppose 0 = -2*b - b - 2*a + 16, -4*b = a - 13. Let i = 20 - 12. Calculate the remainder when b/(1 - 3) + 16 is divided by i.
7
Let r = 5 + 1. Let j = r - 3. Suppose 17 = j*m - 4*h, -m - 3*h + 11 = h. Calculate the remainder when 13 is divided by m.
6
Suppose 4*p + 0*p = -280. Suppose -141 - 73 = 2*m. Let w = p - m. Calculate the remainder when w is divided by 19.
18
Let z(a) = 26*a. Let v(y) = -y - 6. Let r be v(-6). Suppose -3*n + r*n = -27. Calculate the remainder when z(1) is divided by n.
8
Let d = 9 + -2. Let l(v) = 4*v**2 + 3*v - 3. Let t(b) = 2*b**3 - b + 1. Let y be t(1). What is the remainder when l(y) is divided by d?
5
Suppose -5*k + 67 = 4*j, -64 = -4*k + 2*j - 0*j. Let b = -12 + k. Calculate the remainder when 8 is divided by b.
2
Let x(k) = -k**2 - 9*k - 2. Let f = -27 + 19. Calculate the remainder when 27 is divided by x(f).
3
Calculate the remainder when 173 is divided by 870/(-45)*3/(-2).
28
What is the remainder when 72 is divided by 1 + ((-24)/(-10))/(8/60)?
15
Suppose -40 = 8*c - 12*c. Calculate the remainder when 18 is divided by c.
8
Suppose 158 = 3*z - 52. What is the remainder when z is divided by 19?
13
Let l(n) = -n**3 - n**2 + n + 1